+ q. Give k(o).
0
Let f(n) = 16*n - 5. Let s(t) = -41*t + 249. Let b(j) = -2*f(j) - s(j). Calculate b(26).
-5
Suppose -l - 2*p + 1 = 0, -13*l + 2*p + 1 = -12*l. Let y(a) = 10*a**2 - 1. Give y(l).
9
Let h(f) = 15*f + 181. Let t be h(-11). Let x(b) = -3*b + 50. Determine x(t).
2
Let j(q) = -3*q - 73. Suppose 395 = 3*b + 461. Let r be j(b). Let l(g) = -5*g - 7. Calculate l(r).
28
Let s(a) be the second derivative of -2*a + 3*a**2 - 48 + 3/2*a**3 + 1/20*a**5 - 5/6*a**4. Calculate s(9).
6
Suppose 14*x - 8 - 20 = 7*x. Let u(c) = -c**3 + 5*c**2 - 3*c - 4. Give u(x).
0
Let i(c) = 3*c + 11. Let y = 51 + -46. Let u be y/(-2) + 10/(-4). What is i(u)?
-4
Let x(v) = -2*v**2 + 3*v - 8. Let o(k) = -k**3 + 18*k**2 - 42*k + 160. Let n be o(16). Determine x(n).
-8
Let o(b) = -b**3 + 4*b**2 + 9*b + 1. Let f be (-2 + -2)*6*15/(-60). Give o(f).
-17
Let s = -8399 + 8401. Let y(a) be the first derivative of -1/4*a**4 + a + 1/2*a**s - 4/3*a**3 + 13. What is y(-4)?
-3
Let d(h) = 4*h - 12. Let o be d(4). Suppose 15 = 5*l + 3*i, 4 + 8 = o*l + i. Let v(a) = -2*a + l*a - 1 - 2. Determine v(-5).
-8
Let g(o) = o**3 - 6. Suppose 2*v - 74 = -78. Suppose -4*u + i - 45 = 0, 3*i - 1 = u + 13. Let k be ((-48)/22 - v) + (-2)/u. Determine g(k).
-6
Let f(u) = -u**3 + 13*u**2 - 3*u - 6. Let c(b) = -2*b**3 + 34*b**2 - 5*b - 15. Let m(k) = 2*c(k) - 5*f(k). Determine m(-2).
-6
Let x be 3 + (-3)/((-21)/14)*-2. Let c(i) = 45*i**2 + i + 1. What is c(x)?
45
Let q be ((-30)/9)/(2/(-3)). Let w(b) be the first derivative of -6*b - 92 + 1/2*b**2. Give w(q).
-1
Let y(g) = g + 1. Let w = -490 + 595. Let z = 107 - w. Calculate y(z).
3
Let c(g) = g**3 - 6*g**2 - 6. Let k be 180/1*-1 - (-2 + -1). Let l = 183 + k. Calculate c(l).
-6
Let o(s) be the third derivative of s**4/12 + s**3 + 4*s**2. Let v(i) = -4*i - 11. Suppose -6*g = -29*g - 115. Let p(f) = g*o(f) - 3*v(f). What is p(-5)?
-7
Let r(c) = c**3 + 4*c**2 - 3*c - 3. Let m(p) = -p**3 + 14*p**2 - 24*p + 7. Let a be m(12). Suppose 24 = 4*x - a*x. Let f be (-15)/(-4) + -3 + 22/x. Give r(f).
11
Suppose -238 + 196 = -7*v. Let f(m) = 0*m - v*m + 3 - 14 + 4 + 3. Determine f(-3).
14
Let d = 103 + -89. Suppose -16*o - d*o = 150. Let p(y) = -y**3 - 3*y**2 + 6*y - 4. Give p(o).
16
Suppose 310 = -16*d + 326. Let v(k) = -4*k**3 - 2*k**2 + 3*k - 3. What is v(d)?
-6
Let q(b) = -6*b - 40. Suppose -34291*y - 42 = -34284*y. Give q(y).
-4
Let u be 318/66 - 92/(-506). Let g(z) = -10*z - 8. Give g(u).
-58
Let z(c) = -c**2 - 4*c + 5. Suppose -t + 17 = 4*l, -4*l - l = -4*t + 5. Suppose 0 = 4*r + 3*g - g - 50, 4*r - 29 = t*g. Let h = 4 - r. Determine z(h).
-16
Let i(q) be the second derivative of -q**5/20 + 5*q**4/6 - 8*q**3/3 + 9*q**2/2 - 1864*q. Calculate i(8).
9
Let o(r) = r + r - 3*r - r**2. Suppose -10*b + 15*b - 3*g - 636 = 0, 2*g = 4*b - 508. Let l be (3/(-1))/(b/84). Calculate o(l).
-2
Let m be (294/(-35) - -9)*-10. Let v(i) = i**3 + 8*i**2 + 35*i + 135. Let o be v(m). Let j(t) = -t**2 - 7*t - 6. Give j(o).
6
Let v(b) be the first derivative of -b**4/4 + 2*b**3 - 3*b**2 - b + 12. Let j(w) = w**3 + 10*w**2 + 5*w - 3. Let a be j(-9). Suppose a*z + 10 = 35*z. Give v(z).
-6
Let f(z) be the first derivative of -z**3/3 - 25*z**2/2 - 50*z - 3615. Give f(-25).
-50
Let y(f) be the first derivative of 1/4*f**4 - 22 - 3*f - 1/2*f**2 + 8/3*f**3. Give y(-8).
5
Let z be 2/(5*4/30). Suppose -z*k = -7 + 22. Let w = k + 8. Let a(j) = 4*j - 3. What is a(w)?
9
Let m(q) = -3*q + 2. Let n be m(-5). Let t = -35 + 73. Let d(p) = -19*p + t*p - n*p. Calculate d(-2).
-4
Let q(h) = -26*h + 28. Let r(d) = -3*d - 9. Let c(n) = -q(n) + 6*r(n). Calculate c(10).
-2
Let h be (-2)/(4/(-126)) + 0. Let v(u) = -u - 120 + h + 56. What is v(-7)?
6
Let t(v) = 10*v + 1. Let q(z) = z**2 + 10*z + 21. Let u(a) = -a**2 + 9*a + 15. Let f be u(11). Let x be q(f). Let w be (-2)/9 - (x - 33/27). Calculate t(w).
11
Suppose 5*s - q = 16, -4*s = -0*s - 4*q - 16. Let x(l) = -27 - 7 + 29 - s*l. Suppose -4*b + 5*b = -5. Calculate x(b).
10
Let d(z) be the second derivative of -z + 1/2*z**3 - 4 + 3/2*z**2. Calculate d(4).
15
Let w = -172 - -179. Let h(u) = -44*u - u**2 + 22*u + w + 3 + 17*u. Suppose 2*g - 10 = p + 5, 0 = p - 4*g + 23. What is h(p)?
-4
Suppose 0*m - 7 = j + 2*m, 3*j = 5*m + 23. Let o(c) = j - 7*c**3 - 7*c**3 + 2*c**3 - 13*c**3. Let y be ((-4)/36)/((-3)/(-27)). Calculate o(y).
26
Let d(w) = 7*w**2 + 10*w - 1. Let t be d(-1). Let k(v) = 23*v + 3. Determine k(t).
-89
Let c(l) be the third derivative of -13*l**5/60 - l**4/24 + 75*l**2 - 2*l. Let r(s) = -s**3 - s**2 + 2*s - 1. Let p = 10 - 9. Let m be r(p). Calculate c(m).
-12
Let g(c) = -c**2 - 7*c + 8. Let u be g(-8). Let o(l) = -l**2 - 62584723*l + 21 + 62584723*l. Calculate o(u).
21
Suppose 0*k = k - 3*m - 3, 0 = -5*k + 2*m - 11. Let v = -6 + 7. Let i(h) = 2*h - v - 1 + 2*h**2 + 2 - 1. Give i(k).
11
Suppose -23*n = -156 + 225. Let m(o) = 27*o + 80. What is m(n)?
-1
Let q be ((-6)/9)/(2/3). Let t be (-18)/21 - (-270)/70. Let c(v) = 11 + 4*v - 4 - 5 - t. Give c(q).
-5
Let v(r) = r - 1 + 3 + 2 - 3*r. Let c(j) = 37*j - 6. Let x be c(7). Let h = x - 260. Give v(h).
18
Let y(v) = v**3 + 43*v**2 - 38*v + 268. Let w be y(-44). Let p(r) be the third derivative of 0 - 5/6*r**3 + 0*r - 1/24*r**w - 23*r**2. Calculate p(-5).
0
Let r = 12 + -3. Let y(s) = -s**2 + 11*s + 5. Let w(f) = -9*f + 87. Let j be w(10). Let k(t) = -t**2 + 12*t + 7. Let v(o) = j*k(o) + 4*y(o). What is v(r)?
-10
Suppose 5*o + r + 3*r + 45 = 0, 3*o - 10 = 5*r. Let p(v) = 1. Let b(y) be the second derivative of y**3/3 + 50*y. Let z(h) = o*p(h) - b(h). Give z(4).
-13
Let m(w) = w**3 + 7*w**2 + 3*w - 6. Let q(l) be the third derivative of -l**4/24 + 7*l**3/3 - 70*l**2. Let d be q(20). What is m(d)?
12
Suppose 36*c + 41 - 113 = 0. Let r(n) = 7*n**2 - 7*n + 1. Give r(c).
15
Let f be (-4)/6*1*-6. Let s(r) = 8*r - 28. Let l(m) = -7*m + 25. Let c(d) = f*s(d) + 5*l(d). What is c(10)?
-17
Let o(s) = 4*s**3 - 2*s**3 + 9*s**3 + 33 + 21*s + 11*s**2 - 10*s**3 + 0*s**3. Calculate o(-9).
6
Let r(m) = 4*m + 11 - 3*m - 3*m + 0*m. Let b be r(4). Let f(i) = -4*i - 3*i**2 + 5*i**2 + i**b - 1 + i**2. Give f(-4).
-1
Let j(t) = 11*t + 6. Let a be 7/(-42)*339*(-2 - 0). Let o = a + -114. What is j(o)?
-5
Let y(g) = -581*g - 19. Let c(u) = -145*u - 6. Let b(m) = -4*c(m) + y(m). Let v(a) = a**3 + 4*a**2 - 3*a + 4. Let k be v(-5). Calculate b(k).
11
Suppose 21*f + 21*f + 24 - 192 = 0. Let r(m) = -m**3 + 5*m**2 + 4*m - 9. What is r(f)?
23
Let q = -183 + 188. Let x be q/(210/49)*12/2. Let k(u) = u**2 - 6*u - 1. Calculate k(x).
6
Let l(m) = -6*m - 10. Let i(s) = -23*s - 82. Let r be i(-4). Let g be (12/r)/((-134)/335). Determine l(g).
8
Let z(r) = -r + 9. Let w(j) = -20*j + 20. Let l be w(-3). Suppose -82*v - l = -90*v. Determine z(v).
-1
Let r be (-1 + (0 - -1))/(-2). Let a be (-15)/(-6)*28/35. Let m(u) = u**3 + 39*u**2 + 38*u**2 - 78*u**a + 5. Give m(r).
5
Suppose 0 = -3*m + 2*m - 3*w + 13, -2*m + 2*w - 14 = 0. Let f(k) = -5*k**3 - 8*k**2 + 3*k + 4. Determine f(m).
6
Let b(m) = -m**2 + 5*m + 6. Let q(v) = v**2 - 6*v - 35. Let a be (-14)/(-4)*660/231. Let j be q(a). Determine b(j).
6
Suppose 29 = 5*q + 14. Let b(d) = 0*d**2 - q*d + 3*d - d**2 - 8*d + 9. Let c = -16 - -7. Give b(c).
0
Let l(u) = 2*u**2 - 41*u - 15. Let r be l(21). Let c(t) = 4*t - t**2 + r*t + 154 - 145. Calculate c(10).
9
Let x(z) = -9*z + 4. Let q(o) = 76*o - 30. Let f(r) = -q(r) - 8*x(r). Calculate f(6).
-26
Let p(a) = -a**2 - 9*a + 12. Suppose 0 = 21*u - 20*u - 72. Suppose -5 - u = 7*w. Give p(w).
-10
Suppose -6*i - 10 = 4*i. Let k be i + -3 - ((-15)/(-5))/3. Let u(x) = -x**3 - 3*x**2 + 9*x. Calculate u(k).
5
Let y(w) = -2*w**2 + 23*w - 13. Let k be y(16). Let h = k + 165. Let p(r) = r + 1. Calculate p(h).
9
Suppose 8 + 27 = 3*a - 2*b, 5*a + 3*b - 33 = 0. Suppose 0 = -3*l - 9 - a. Let z be (-18)/(-27) - 8/l. Let v(y) = y**2 - y + 2. Give v(z).
4
Let q(p) = p + 18. Let f(o) = -14*o**3 + 4*o**2 - 5*o + 2. Let w be f(1). Give q(w).
5
Let d = 7 + -2. Let t(h) = -d*h + 10 + 37 - 49. Determine t(-2).
8
Let q(m) = -m**2 - 2. Let w be q(2). Let z(f) be the second derivative of f**3/6 + 7*f**2/2 + 2776*f. Determine z(w).
1
Let n(s) = 0*s**2 - 3*s**2 + s**2 - 2*s + 3*s**2 - 44. Let t be n(8). Let w(u) = 4*u + 1. Let r(f) = 8*f + 1. Let o(l) = 4*r(l) - 7*w(l). D